{"id":1264,"date":"2021-02-21T16:52:42","date_gmt":"2021-02-21T16:52:42","guid":{"rendered":"http:\/\/scope.everus.com.br\/?page_id=1264"},"modified":"2021-02-21T16:52:42","modified_gmt":"2021-02-21T16:52:42","slug":"jon-samseth","status":"publish","type":"page","link":"https:\/\/bioenfapesp.org\/scopebioenergy\/index.php\/jon-samseth\/","title":{"rendered":"Jon Samseth"},"content":{"rendered":"<p><img loading=\"lazy\" decoding=\"async\" class=\"alignleft size-full wp-image-1008\" src=\"https:\/\/bioenfapesp.org\/scopebioenergy\/wp-content\/uploads\/2021\/02\/Jon-Samseth_thumb.jpg\" alt=\"\" width=\"150\" height=\"150\" \/><\/p>\n<p><span lang=\"EN-US\">Jon Samseth, born July 23, 1954 in Trondheim, Norway, is a Norwegian engineer and professor of physics. He was awarded an engineering degree in physics (siv.ing.) from the Norwegian Institute of Technology (NTH) (now Norwegian University of Science and Technology, NTNU) in 1981. He later earned a Dipl\u00f4me d&#8217;ing\u00e9nieur degree in Petroleum economics from the \u00c9cole Nationale Sup\u00e9rieure du P\u00e9trole et des Moteurs (ENSPM) in France in 1983. He received his (PhD) in physics from the Massachusetts Institute of Technology (MIT) in 1988. Samseth is a professor of energy physics at the Oslo and Akershus University College. In addition, he serves as an adjunct professor (professor II) in the Department of Chemical engineering at NTNU, as well as a scientific advisor to SINTEF materials and chemistry.<\/span><\/p>\n<p>Samseth has focused his research broadly in the field of soft matter. Within this field, he has used neutron scattering to study a variety of surfactant-containing systems, including micelles and microemulsions, aerogels and block-copolymers. Since 2004 he has been engaged in the study of nanostructured polymer-membranes applied to gas separation.Samseth has been actively involved internationally through the International Union of Pure and Applied Physics (IUPAP). He was member of IUPAP\u2019s first energy working group in which they assessed viability of various energy sources. In 2012, IUPAP commissioned him to chair and form a new working group devoted to energy topics at large.\u00a0He was also a member of the Scientific Committee on Problems of the Environment&#8217;s (SCOPE) biofuels rapid assessment group and has been the vice-president of SCOPE since 2010. From 2010 to 2013 he has been a scientific advisor to the yearbook team of UNEP (United Nations Environment Programme) and participated as a member of the writing team.\u00a0In the 2012 yearbook, he was responsible for the chapter on the decommissioning of nuclear reactors.<\/p>\n<p>Currently, Samseth is actively involved in the public debate on energy issues, most notably those related to nuclear energy, and gives public lectures on these topics as well. He raises ethical and environmental concerns connected to energy issues and advocates that nuclear energy is an integral part of a modern energy system. Because of his experience in energy topics, he is frequently featured in the media, particularly when nuclear energy concerns the public (such as during the Fukushima accident in Japan.)<\/p>\n","protected":false},"excerpt":{"rendered":"<p>Jon Samseth, born July 23, 1954 in Trondheim, Norway, is a Norwegian engineer and professor of physics. He was awarded an engineering degree in physics (siv.ing.) from the Norwegian Institute of Technology (NTH) (now Norwegian University of Science and Technology, NTNU) in 1981. He later earned a Dipl\u00f4me d&#8217;ing\u00e9nieur degree in Petroleum economics from the [&hellip;]<\/p>\n","protected":false},"author":1,"featured_media":0,"parent":0,"menu_order":0,"comment_status":"closed","ping_status":"closed","template":"","meta":{"footnotes":""},"class_list":["post-1264","page","type-page","status-publish","hentry","post"],"_links":{"self":[{"href":"https:\/\/bioenfapesp.org\/scopebioenergy\/index.php\/wp-json\/wp\/v2\/pages\/1264","targetHints":{"allow":["GET"]}}],"collection":[{"href":"https:\/\/bioenfapesp.org\/scopebioenergy\/index.php\/wp-json\/wp\/v2\/pages"}],"about":[{"href":"https:\/\/bioenfapesp.org\/scopebioenergy\/index.php\/wp-json\/wp\/v2\/types\/page"}],"author":[{"embeddable":true,"href":"https:\/\/bioenfapesp.org\/scopebioenergy\/index.php\/wp-json\/wp\/v2\/users\/1"}],"replies":[{"embeddable":true,"href":"https:\/\/bioenfapesp.org\/scopebioenergy\/index.php\/wp-json\/wp\/v2\/comments?post=1264"}],"version-history":[{"count":1,"href":"https:\/\/bioenfapesp.org\/scopebioenergy\/index.php\/wp-json\/wp\/v2\/pages\/1264\/revisions"}],"predecessor-version":[{"id":1265,"href":"https:\/\/bioenfapesp.org\/scopebioenergy\/index.php\/wp-json\/wp\/v2\/pages\/1264\/revisions\/1265"}],"wp:attachment":[{"href":"https:\/\/bioenfapesp.org\/scopebioenergy\/index.php\/wp-json\/wp\/v2\/media?parent=1264"}],"curies":[{"name":"wp","href":"https:\/\/api.w.org\/{rel}","templated":true}]}}