{"id":1272,"date":"2021-02-21T16:56:46","date_gmt":"2021-02-21T16:56:46","guid":{"rendered":"http:\/\/scope.everus.com.br\/?page_id=1272"},"modified":"2021-02-21T16:57:38","modified_gmt":"2021-02-21T16:57:38","slug":"jose-goldemberg","status":"publish","type":"page","link":"https:\/\/bioenfapesp.org\/scopebioenergy\/index.php\/jose-goldemberg\/","title":{"rendered":"Jos\u00e9 Goldemberg"},"content":{"rendered":"<p><img loading=\"lazy\" decoding=\"async\" class=\"alignleft size-full wp-image-1268\" src=\"https:\/\/bioenfapesp.org\/scopebioenergy\/wp-content\/uploads\/2021\/02\/Jose-Goldemberg2.jpg\" alt=\"\" width=\"150\" height=\"150\" srcset=\"https:\/\/bioenfapesp.org\/scopebioenergy\/wp-content\/uploads\/2021\/02\/Jose-Goldemberg2.jpg 261w, https:\/\/bioenfapesp.org\/scopebioenergy\/wp-content\/uploads\/2021\/02\/Jose-Goldemberg2-150x150.jpg 150w\" sizes=\"auto, (max-width: 150px) 100vw, 150px\" \/><\/p>\n<p><span lang=\"EN-US\">Jos\u00e9 Goldemberg is a physicist and leading expert on energy end environment issues. Professor Jos\u00e9 Goldemberg served as rector and full professor at the university of S\u00e3o Paulo, directed the Energy Company of the State of S\u00e3o Paulo, has served the federal government in various capacities: as the Secretary of State for Science and Technology, as interim Secretary of the Environment where he administered Brazil&#8217;s participation in the 1992 Earth Summit in Rio de Janeiro; and as Minister of Education.<\/span><\/p>\n<p><span lang=\"EN-US\">He has authored hundreds of papers and books on nuclear physics, environment, and energy including the United Nations Development Program World Energy Assessment.<\/span><\/p>\n<p>He is a pioneer in demonstrating the benefits of biofuels to the environment and recently he received the Zayed Future Energy Prize for his achievements.<\/p>\n","protected":false},"excerpt":{"rendered":"<p>Jos\u00e9 Goldemberg is a physicist and leading expert on energy end environment issues. Professor Jos\u00e9 Goldemberg served as rector and full professor at the university of S\u00e3o Paulo, directed the Energy Company of the State of S\u00e3o Paulo, has served the federal government in various capacities: as the Secretary of State for Science and Technology, [&hellip;]<\/p>\n","protected":false},"author":1,"featured_media":0,"parent":0,"menu_order":0,"comment_status":"closed","ping_status":"closed","template":"","meta":{"footnotes":""},"class_list":["post-1272","page","type-page","status-publish","hentry","post"],"_links":{"self":[{"href":"https:\/\/bioenfapesp.org\/scopebioenergy\/index.php\/wp-json\/wp\/v2\/pages\/1272","targetHints":{"allow":["GET"]}}],"collection":[{"href":"https:\/\/bioenfapesp.org\/scopebioenergy\/index.php\/wp-json\/wp\/v2\/pages"}],"about":[{"href":"https:\/\/bioenfapesp.org\/scopebioenergy\/index.php\/wp-json\/wp\/v2\/types\/page"}],"author":[{"embeddable":true,"href":"https:\/\/bioenfapesp.org\/scopebioenergy\/index.php\/wp-json\/wp\/v2\/users\/1"}],"replies":[{"embeddable":true,"href":"https:\/\/bioenfapesp.org\/scopebioenergy\/index.php\/wp-json\/wp\/v2\/comments?post=1272"}],"version-history":[{"count":3,"href":"https:\/\/bioenfapesp.org\/scopebioenergy\/index.php\/wp-json\/wp\/v2\/pages\/1272\/revisions"}],"predecessor-version":[{"id":1276,"href":"https:\/\/bioenfapesp.org\/scopebioenergy\/index.php\/wp-json\/wp\/v2\/pages\/1272\/revisions\/1276"}],"wp:attachment":[{"href":"https:\/\/bioenfapesp.org\/scopebioenergy\/index.php\/wp-json\/wp\/v2\/media?parent=1272"}],"curies":[{"name":"wp","href":"https:\/\/api.w.org\/{rel}","templated":true}]}}