{"id":667,"date":"2021-02-09T12:05:00","date_gmt":"2021-02-09T12:05:00","guid":{"rendered":"http:\/\/scope.everus.com.br\/?page_id=667"},"modified":"2021-02-16T20:11:54","modified_gmt":"2021-02-16T20:11:54","slug":"sobre-o-projeto","status":"publish","type":"page","link":"https:\/\/bioenfapesp.org\/scopebioenergy\/index.php\/sobre-o-projeto\/","title":{"rendered":"Sobre o projeto"},"content":{"rendered":"\n<p>Bioenergy &amp; Sustainability: bridging the gaps<\/p>\n\n\n\n<h2 class=\"wp-block-heading\"><strong>Editores<\/strong><\/h2>\n\n\n\n<ul class=\"wp-block-list\"><li>Glaucia M. SOUZA (Universidade de S\u00e3o Paulo), Brasil<\/li><li>Reynaldo L. VICTORIA&nbsp;(Universidade de S\u00e3o Paulo), Brasil<\/li><li>Carlos A. JOLY (Universidade Estadual de Campinas), Brasil<\/li><li>Luciano M. VERDADE&nbsp;(Universidade de S\u00e3o Paulo), Brasil<\/li><\/ul>\n\n\n\n<h2 class=\"wp-block-heading\"><strong>Comit\u00ea Cient\u00edfico<\/strong><\/h2>\n\n\n\n<ul class=\"wp-block-list\"><li>Carlos Henrique de BRITO CRUZ &#8211; Funda\u00e7\u00e3o de Amparo \u00e0 Pesquisa do Estado de S\u00e3o&nbsp;Paulo, Brasil<\/li><li>Helena L. CHUM &#8211; National Renewable Energy Laboratory (NREL), EUA<\/li><li>Lewis FULTON &#8211; University of California Davis, EUA<\/li><li>Jos\u00e9 GOLDEMBERG &#8211; Universidade de S\u00e3o Paulo, Brasil<\/li><li>Brian J. HUNTLEY \u2013 Stellenbosch University, \u00c1frica do Sul<\/li><li>Lee R. LYND &#8211; Dartmouth College, EUA<\/li><li>Patricia OSSEWEIJER &#8211; Delft University, Holanda<\/li><li>Jack N. SADDLER &#8211; University of British Columbia, Canad\u00e1<\/li><li>Jon SAMSETH &#8211; Oslo and Akershus University College, Noruega<\/li><li>Chris R. SOMERVILLE &#8211; University of California Berkeley, EUA<\/li><li>Jeremy WOODS &#8211; Imperial College London, UK<\/li><\/ul>\n\n\n\n<h2 class=\"wp-block-heading\"><strong>Resumo do projeto<\/strong><\/h2>\n\n\n\n<p>Este projeto tem como objetivo promover uma avalia\u00e7\u00e3o cient\u00edfica global da&nbsp;sustentabilidade da bioenergia, incluindo suas vantagens, desvantagens e os crit\u00e9rios para&nbsp;analisar os seus impactos sociais, econ\u00f4micos e ambientais. Um Processo de Avalia\u00e7\u00e3o R\u00e1pida&nbsp;(RAP, da sigla em ingl\u00eas) foi conduzido sob a \u00e9gide do SCOPE (<em>Scientific Committee on Problems&nbsp;of the Environment<\/em>) para produzir um volume de s\u00edntese do conhecimento e um Resumo para&nbsp;Pol\u00edticas P\u00fablicas com recomenda\u00e7\u00f5es pr\u00e1ticas para legisladores acerca da expans\u00e3o&nbsp;sustent\u00e1vel da bioenergia.<\/p>\n\n\n\n<p>Tecnologias que levam a menos polui\u00e7\u00e3o, menor consumo de energia e diminui\u00e7\u00e3o da&nbsp;emiss\u00e3o de gases de efeito estufa para a produ\u00e7\u00e3o de bioenergia foram avaliados quanto \u00e0 sua&nbsp;viabilidade econ\u00f4mica, \u00e0 capacidade da ind\u00fastria para sua implementa\u00e7\u00e3o em escala, e aos&nbsp;impactos de curto e longo prazo sobre o ambiente, a sa\u00fade humana e gera\u00e7\u00e3o de riqueza.&nbsp;Um Comit\u00ea Cient\u00edfico foi formado e definiu tanto o escopo do volume quanto os autores&nbsp;que contribu\u00edram para o relat\u00f3rio. Esse Comit\u00ea reuniu-se pela primeira vez em S\u00e3o Paulo em&nbsp;27 e 28 de fevereiro de 2013, na FAPESP, durante a&nbsp;<em>Scoping Meeting<\/em>, que visou definir temas&nbsp;dos cap\u00edtulos, autores e revisores. A&nbsp;<em>Scoping Meeting<\/em>&nbsp;foi realizada ap\u00f3s um semin\u00e1rio&nbsp;internacional organizado pelos Programas FAPESP BIOEN, BIOTA e Mudan\u00e7as Clim\u00e1ticas, em&nbsp;que foram recolhidas as recomenda\u00e7\u00f5es da comunidade em geral para as pol\u00edticas de&nbsp;bioenergia. Depois de produzir catorze cap\u00edtulos, em Dezembro de 2013 um grupo de 50&nbsp;especialistas nacionais e internacionais se reuniu na UNESCO, em Paris, para o workshop do&nbsp;Processo de Avalia\u00e7\u00e3o R\u00e1pida (RAP), durante o qual foram discutidas as principais conclus\u00f5es e&nbsp;recomenda\u00e7\u00f5es.<\/p>\n\n\n\n<p>Os produtos finais deste projeto compreendem: uma publica\u00e7\u00e3o de 779 p\u00e1ginas&nbsp;(dispon\u00edvel tanto em formato e-book para download gratuito quanto em vers\u00e3o impressa) com&nbsp;contribui\u00e7\u00f5es de 137 especialistas e que sintetiza o estado da arte e o caminho a seguir para a&nbsp;expans\u00e3o sustent\u00e1vel da bioenergia no mundo; um Resumo para Pol\u00edticas P\u00fablicas (vers\u00e3o em&nbsp;Ingl\u00eas e em Portugu\u00eas); uma se\u00e7\u00e3o especial no&nbsp;<em>Journal of Environmental Development<\/em>&nbsp;(1 nota&nbsp;editorial e 4 artigos; Volume 15 &#8211; Julho de 2015), e v\u00e1rios artigos publicados em revistas&nbsp;indexadas. O relat\u00f3rio SCOPE Bioenergy &amp; Sustainability foi lan\u00e7ado em 2015 na FAPESP em&nbsp;S\u00e3o Paulo, em Bruxelas e em Washington D.C.<\/p>\n\n\n\n<h2 class=\"wp-block-heading\"><strong>Bioenergia &amp; Sustentabilidade &#8211; Resumo para Pol\u00edticas P\u00fablicas (em Portugu\u00eas)<\/strong><\/h2>\n\n\n\n<div class=\"wp-block-image\"><figure class=\"aligncenter size-large\"><a href=\"https:\/\/bioenfapesp.org\/scopebioenergy\/images\/SCOPE_v7-Final_ptCS55_v3_ISSN2413-4473_spread.pdf\" target=\"_blank\" rel=\"noopener\"><img loading=\"lazy\" decoding=\"async\" width=\"145\" height=\"200\" src=\"https:\/\/bioenfapesp.org\/scopebioenergy\/wp-content\/uploads\/2021\/02\/cover_04x.png\" alt=\"\" class=\"wp-image-671\"\/><\/a><\/figure><\/div>\n\n\n\n<div class=\"wp-block-image\"><figure class=\"aligncenter size-large\"><a href=\"https:\/\/bioenfapesp.org\/scopebioenergy\/images\/SCOPE_v7-Final_ptCS55_v3_ISSN2413-4473_spread.pdf\" target=\"_blank\" rel=\"noopener\"><img loading=\"lazy\" decoding=\"async\" width=\"148\" height=\"37\" src=\"https:\/\/bioenfapesp.org\/scopebioenergy\/wp-content\/uploads\/2021\/02\/pdf_download3-1.png\" alt=\"\" class=\"wp-image-673\"\/><\/a><\/figure><\/div>\n\n\n\n<p><\/p>\n","protected":false},"excerpt":{"rendered":"<p>Bioenergy &amp; Sustainability: bridging the gaps Editores Glaucia M. SOUZA (Universidade de S\u00e3o Paulo), Brasil Reynaldo L. VICTORIA&nbsp;(Universidade de S\u00e3o Paulo), Brasil Carlos A. JOLY (Universidade Estadual de Campinas), Brasil Luciano M. VERDADE&nbsp;(Universidade de S\u00e3o Paulo), Brasil Comit\u00ea Cient\u00edfico Carlos Henrique de BRITO CRUZ &#8211; Funda\u00e7\u00e3o de Amparo \u00e0 Pesquisa do Estado de S\u00e3o&nbsp;Paulo, Brasil [&hellip;]<\/p>\n","protected":false},"author":1,"featured_media":0,"parent":0,"menu_order":0,"comment_status":"closed","ping_status":"closed","template":"","meta":{"footnotes":""},"class_list":["post-667","page","type-page","status-publish","hentry","post"],"_links":{"self":[{"href":"https:\/\/bioenfapesp.org\/scopebioenergy\/index.php\/wp-json\/wp\/v2\/pages\/667","targetHints":{"allow":["GET"]}}],"collection":[{"href":"https:\/\/bioenfapesp.org\/scopebioenergy\/index.php\/wp-json\/wp\/v2\/pages"}],"about":[{"href":"https:\/\/bioenfapesp.org\/scopebioenergy\/index.php\/wp-json\/wp\/v2\/types\/page"}],"author":[{"embeddable":true,"href":"https:\/\/bioenfapesp.org\/scopebioenergy\/index.php\/wp-json\/wp\/v2\/users\/1"}],"replies":[{"embeddable":true,"href":"https:\/\/bioenfapesp.org\/scopebioenergy\/index.php\/wp-json\/wp\/v2\/comments?post=667"}],"version-history":[{"count":6,"href":"https:\/\/bioenfapesp.org\/scopebioenergy\/index.php\/wp-json\/wp\/v2\/pages\/667\/revisions"}],"predecessor-version":[{"id":678,"href":"https:\/\/bioenfapesp.org\/scopebioenergy\/index.php\/wp-json\/wp\/v2\/pages\/667\/revisions\/678"}],"wp:attachment":[{"href":"https:\/\/bioenfapesp.org\/scopebioenergy\/index.php\/wp-json\/wp\/v2\/media?parent=667"}],"curies":[{"name":"wp","href":"https:\/\/api.w.org\/{rel}","templated":true}]}}